ime factors of 12694?
2, 11, 577
What are the prime factors of 8572?
2, 2143
What are the prime factors of 164?
2, 41
What are the prime factors of 6689?
6689
List the prime factors of 28927.
28927
List the prime factors of 26191.
11, 2381
What are the prime factors of 4423?
4423
List the prime factors of 5828.
2, 31, 47
What are the prime factors of 47459?
47459
What are the prime factors of 1046?
2, 523
What are the prime factors of 2108?
2, 17, 31
List the prime factors of 26686.
2, 11, 1213
What are the prime factors of 13217?
13217
What are the prime factors of 65?
5, 13
What are the prime factors of 51836?
2, 12959
List the prime factors of 855.
3, 5, 19
List the prime factors of 2661.
3, 887
List the prime factors of 11766.
2, 3, 37, 53
List the prime factors of 134085.
3, 5, 7, 1277
List the prime factors of 13159.
13159
What are the prime factors of 1149?
3, 383
List the prime factors of 346.
2, 173
List the prime factors of 5763.
3, 17, 113
What are the prime factors of 1592?
2, 199
List the prime factors of 8107.
11, 67
List the prime factors of 5906.
2, 2953
List the prime factors of 74133.
3, 8237
List the prime factors of 85095.
3, 5, 31, 61
List the prime factors of 25815.
3, 5, 1721
What are the prime factors of 19757?
23, 859
List the prime factors of 2714.
2, 23, 59
List the prime factors of 30921.
3, 11, 937
What are the prime factors of 2460?
2, 3, 5, 41
List the prime factors of 17542.
2, 7, 179
List the prime factors of 3876.
2, 3, 17, 19
List the prime factors of 12493.
13, 31
What are the prime factors of 4275?
3, 5, 19
List the prime factors of 12623.
13, 971
What are the prime factors of 45161?
45161
List the prime factors of 25764.
2, 3, 19, 113
List the prime factors of 5940.
2, 3, 5, 11
What are the prime factors of 17051?
17, 59
What are the prime factors of 5522?
2, 11, 251
What are the prime factors of 71531?
233, 307
List the prime factors of 14045.
5, 53
What are the prime factors of 25293?
3, 8431
List the prime factors of 20186.
2, 10093
List the prime factors of 29309.
7, 53, 79
List the prime factors of 62227.
11, 5657
What are the prime factors of 64321?
131, 491
List the prime factors of 5052.
2, 3, 421
What are the prime factors of 104231?
104231
What are the prime factors of 83?
83
What are the prime factors of 8995?
5, 7, 257
List the prime factors of 1692.
2, 3, 47
List the prime factors of 23710.
2, 5, 2371
What are the prime factors of 39355?
5, 17, 463
List the prime factors of 61817.
7, 8831
List the prime factors of 2144.
2, 67
List the prime factors of 29090.
2, 5, 2909
What are the prime factors of 1149?
3, 383
What are the prime factors of 3887?
13, 23
List the prime factors of 14601.
3, 31, 157
List the prime factors of 115614.
2, 3, 2141
What are the prime factors of 2531?
2531
List the prime factors of 2221.
2221
What are the prime factors of 36952?
2, 31, 149
What are the prime factors of 20666?
2, 10333
What are the prime factors of 1250?
2, 5
What are the prime factors of 8085?
3, 5, 7, 11
What are the prime factors of 129573?
3, 4799
List the prime factors of 1966.
2, 983
What are the prime factors of 11340?
2, 3, 5, 7
List the prime factors of 7395.
3, 5, 17, 29
List the prime factors of 3100.
2, 5, 31
What are the prime factors of 21830?
2, 5, 37, 59
What are the prime factors of 2546?
2, 19, 67
List the prime factors of 18736.
2, 1171
List the prime factors of 107000.
2, 5, 107
List the prime factors of 3993.
3, 11
What are the prime factors of 277?
277
List the prime factors of 30825.
3, 5, 137
What are the prime factors of 23449?
131, 179
List the prime factors of 51930.
2, 3, 5, 577
What are the prime factors of 5037?
3, 23, 73
What are the prime factors of 12696?
2, 3, 23
What are the prime factors of 7863?
3, 2621
List the prime factors of 36483.
3, 12161
List the prime factors of 8580.
2, 3, 5, 11, 13
List the prime factors of 3577.
7, 73
List the prime factors of 55204.
2, 37, 373
List the prime factors of 11079.
3, 1231
List the prime factors of 11297.
11, 13, 79
List the prime factors of 5062.
2, 2531
What are the prime factors of 10604?
2, 11, 241
List the prime factors of 7502.
2, 11, 31
What are the prime factors of 9213?
3, 37, 83
List the prime factors of 87450.
2, 3, 5, 11, 53
What are the prime factors of 5409?
3, 601
List the prime factors of 2694.
2, 3, 449
What are the prime factors of 11991?
3, 7, 571
List the prime factors of 8120.
2, 5, 7, 29
What are the prime factors of 1431?
3, 53
List the prime factors of 164.
2, 41
What are the prime factors of 990?
2, 3, 5, 11
What are the prime factors of 623?
7, 89
What are the prime factors of 3037?
3037
What are the prime factors of 32213?
32213
List the prime factors of 2004.
2, 3, 167
List the prime factors of 7925.
5, 317
What are the prime factors of 38930?
2, 5, 17, 229
What are the prime factors of 21199?
17, 29, 43
What are the prime factors of 14286?
2, 3, 2381
What are the prime factors of 1803?
3, 601
What are the prime factors of 24049?
24049
List the prime factors of 1268.
2, 317
What are the prime factors of 88668?
2, 3, 821
List the prime factors of 73967.
17, 19, 229
What are the prime factors of 33496?
2, 53, 79
List the prime factors of 21964.
2, 17, 19
List the prime factors of 14897.
14897
What are the prime factors of 1442?
2, 7, 103
What are the prime factors of 4203?
3, 467
List the prime factors of 562.
2, 281
List the prime factors of 1041.
3, 347
List the prime factors of 3899.
7, 557
What are the prime factors of 660?
2, 3, 5, 11
List the prime factors of 1878.
2, 3, 313
List the prime factors of 2104.
2, 263
List the prime factors of 3596.
2, 29, 31
What are the prime factors of 4149?
3, 461
What are the prime factors of 2773?
47, 59
What are the prime factors of 39106?
2, 19553
What are the prime factors of 37581?
3, 12527
What are the prime factors of 853?
853
List the prime factors of 693.
3, 7, 11
List the prime factors of 64652.
2, 7, 2309
What are the prime factors of 139182?
2, 3, 23197
List the prime factors of 1322.
2, 661
List the prime factors of 2421.
3, 269
What are the prime factors of 2886?
2, 3, 13, 37
List the prime factors of 40559.
40559
List the prime factors of 6479.
11, 19, 31
List the prime factors of 4996.
2, 1249
What are the prime factors of 6575?
5, 263
List the prime factors of 4396.
2, 7, 157
What are the prime factors of 8441?
23, 367
List the prime factors of 3014.
2, 11, 137
What are the prime factors of 2954?
2, 7, 211
List the prime factors of 37065.
3, 5, 7, 353
What are the prime factors of 1063?
1063
List the prime factors of 47362.
2, 7, 17, 199
What are the prime factors of 30425?
5, 1217
What are the prime factors of 59067?
3, 6563
What are the prime factors of 4612?
2, 1153
What are the prime factors of 1118?
2, 13, 43
List the prime factors of 60923.
60923
List the prime factors of 3021.
3, 19, 53
List the prime factors of 1579.
1579
List the prime factors of 2733.
3, 911
List the prime factors of 1826.
2, 11, 83
What are the prime factors of 4920?
2, 3, 5, 41
List the prime factors of 30711.
3, 29, 353
List the prime factors of 1761.
3, 587
List the prime factors of 121216.
2, 947
What are the prime factors of 49986?
2, 3, 2777
What are the prime factors of 92097?
3, 379
List the prime factors of 56659.
56659
What are the prime factors of 16628?
2, 4157
List the prime factors of 73929.
3, 19, 1297
What are the prime factors of 94368?
2, 3, 983
What are the prime factors of 666?
2, 3, 37
List the prime factors of 8481.
3, 11, 257
List the prime factors of 5535.
3, 5, 41
List the prime factors of 104613.
3, 34871
List the prime factors of 20299.
53, 383
List the prime factors of 1130.
2, 5, 113
What are the prime factors of 78073?
101, 773
List the prime factors of 1985.
5, 397
List the prime factors of 2561.
13, 197
What are the prime factors of 2089?
2089
What are the prime factors of 802?
2, 401
List the prime factors of 80427.
3, 17, 19, 83
List the prime factors of 16235.
5, 17, 191
List the prime factors of 6560.
2, 5, 41
What are the prime factors of 7431?
3, 2477
List the prime factors of 666.
2, 3, 37
What are the prime factors of 22223?
71, 313
List the prime factors of 19464.
2, 3, 811
List the prime factors of 363.
3, 11
What are the 